*w - 22*v + 11*v + v**2 + 9*v. Give j(y).
-12
Suppose -h = -5*g + 30, 5*h - 19*g + 5 = -23*g. Let p(m) be the second derivative of m**4/6 + 4*m**3/3 + 5*m**2/2 - m. Determine p(h).
15
Let l(s) = 3*s**3 + 6*s**2 + 6*s - 1. Let d(r) = -r**3 - 3*r**2 - 3*r. Let p = -72 - -77. Let j(m) = p*d(m) + 2*l(m). Give j(4).
2
Let i(p) = p**3 - 5 - 3 + 3 + 3 + p - 5*p**2. Suppose -5*c - 1 = -4*q + 41, -6 = -2*q. Let m be 5*3/c*-2. Calculate i(m).
3
Let m = -4 + -3. Let p(s) be the first derivative of -s**2/2 + 4*s + 9. Determine p(m).
11
Let i(g) = 2*g**2 + 1. Let f be i(1). Suppose 0 = -5*o - 4*q + 16, -4*o + q = -5*o + f. Let u(n) = 5 + 3*n - 7 - n**2 - 4. Give u(o).
-10
Let m(h) be the third derivative of -h**6/120 + h**5/10 - h**4/12 - 7*h**3/6 - 84*h**2. What is m(5)?
8
Let p = 2087 - 2091. Let a(x) = -x - 1. Let i(l) = -l**3 - 4*l**2 - 7*l - 4. Suppose -3*u - 3*k = -3, -u + 0*k + 1 = 2*k. Let m(s) = u*i(s) - 6*a(s). Give m(p).
6
Let u(b) = -6 + 11 + 0 - 4 - 2 + 2*b. Give u(3).
5
Let o be (-12 - -2)*3/(-6). Suppose -3*c + o = -7. Let x(h) = 2 + 2*h**2 - c + 4*h - h**3 - 2*h + 3*h**3. Determine x(-2).
-14
Let q(p) = 2*p**3 - p**2 - p. Suppose -72*v + 26 = -59*v. Give q(v).
10
Let z(n) = n + 3. Let v be z(0). Let k(s) = -20 + 10 - s**3 - v*s**3 + 9. What is k(-1)?
3
Let a = 16 - 13. Suppose -2*u - 7 = a. Let j(y) be the first derivative of y**4/4 + 5*y**3/3 - y**2 - 5*y - 6. Give j(u).
5
Let g(t) = -3 - 3*t + 185*t**3 + 182*t**3 - 364*t**3 - t**2 - 2*t + 9*t. Calculate g(2).
25
Let u(g) be the first derivative of g**5/20 - g**4/12 - g**3/6 + 5*g**2 + 89*g + 40. Let q(j) be the first derivative of u(j). Suppose 0 = 4*a - 3*a. Give q(a).
10
Let j be (17/34)/(3/60*-2). Let s(a) = -2*a - 3. What is s(j)?
7
Let r(t) = t - 3. Let n(a) = a + 3. Let g be n(15). Let c = -13 + g. Suppose -21 = -0*s - c*s + 2*f, 0 = 5*s - 4*f - 27. Give r(s).
0
Let q(v) = 17*v - 14. Let d be q(1). Let c(w) = w**3 - 4*w**2 + 5*w - 6. Let s be c(d). Let u(b) = b**2 - b - 2. What is u(s)?
-2
Let p be (-2)/(1/(-1)) - -1. Let t(s) = -7*s**3 + 5*s**2 - 20*s - 4. Let q(d) = -d**3 + d**2 - 2*d - 1. Let o(c) = 8*q(c) - t(c). Determine o(p).
8
Suppose -2*b - 5*n + 2 = b, 1 = 2*b + 3*n. Let g(d) = -2 - d - d**2 + d - 11*d**2 + 1. Determine g(b).
-13
Let o(t) = t**3 - 4*t**2 + 1. Let g(c) = c**3 + 3*c**2 - c + 1. Let f be g(-3). Calculate o(f).
1
Let q(v) = -7*v**2 + 7 - 150*v**3 - 9*v + 83*v**3 + 68*v**3. Give q(8).
-1
Let b(y) be the third derivative of y**5/60 - y**4/24 + y**3/6 - 10*y**2. Suppose 4 = 2*l - 2. Determine b(l).
7
Suppose -34*j + 38*j = 16. Suppose j*q - 63 = -79. Let r(k) = -k**2 - 6*k - 3. What is r(q)?
5
Let o(k) = 7*k**2 - k. Let n be o(-1). Suppose -5*v + n = -v. Let x(r) = -2*r**2 + 2*r**2 - 3*r - 2*r**v - 1 + 4*r. Give x(-2).
-11
Let h(m) = m**3 + m**2 - 5. Let c be h(0). Let n(g) be the second derivative of -g**3/6 - 7*g**2/2 + 38*g. Calculate n(c).
-2
Let r(h) be the third derivative of -h**4/24 - h**3 + 667*h**2. Determine r(0).
-6
Let d(b) = -b**2 - 5*b - 2. Let v be (-500)/180 - -1*4/(-18). Calculate d(v).
4
Let k(p) = p**2 - 7*p - 13. Suppose y + 27 = 4*z - 2*y, 5*z - 4*y - 33 = 0. Calculate k(z).
5
Let v(o) = -2*o**2 + 20*o. Let k be v(6). Let j = k + -56. Let f(w) = -w**3 - 7*w**2 + 8*w. Give f(j).
0
Let s be (6 + 0 - 4) + -2. Let n(l) be the third derivative of -1/12*l**4 + 5*l**2 + 1/6*l**3 + 0*l + s. What is n(-2)?
5
Let h(z) = z**2 - 11*z - 4. Suppose -19*a + 15*a + 34 = 2*p, -2*a + 19 = -p. Give h(a).
-22
Let c(a) = a**2 - a - 13. Let r(w) = w**2 - 100. Let j be r(-10). Calculate c(j).
-13
Let x(h) = -h**2 + 5*h + 3. Suppose 4*c = -a + 17, 4*c - 8 - 6 = -2*a. Suppose c*l + 12 = 8*l. Calculate x(l).
7
Let l(j) = -15 - 11*j**2 - j**2 - 11*j**2 + 32*j**2. Let g(z) = 4*z**2 - 7. Let a(n) = -5*g(n) + 2*l(n). Give a(-4).
-27
Let g(h) = -h + 6. Let t be g(9). Let x(f) be the first derivative of f**4/4 + f**3 - 3*f**2/2 - 4*f - 47. What is x(t)?
5
Let a = 36 - 31. Let c(x) = -6*x - 3 + 0*x**2 + x**2 + 0*x**2. Determine c(a).
-8
Let z(n) = -n - 17. Let y be 3 - (69/21 - 3)*35. Calculate z(y).
-10
Let t = -716 + 716. Let u(f) = f - 25. Determine u(t).
-25
Let o(m) be the second derivative of -m**5/20 - 5*m**4/12 - 5*m**3/6 - 2*m**2 - 41*m. Let i = 8 - 13. What is o(i)?
21
Let f(c) be the third derivative of c**4/6 + c**3/3 - 4*c**2 + 21*c. What is f(3)?
14
Let o(w) = w**2 - 6*w + 3. Let m = 10 + -8. Suppose -a = 5*y + 4*a - 10, m*a = -y + 2. Give o(y).
-5
Let y be ((-1018)/17 - 0) + (-40)/340. Let r = -65 - y. Let g(d) = d**3 + 6*d**2 + 4*d - 5. Calculate g(r).
0
Let x(u) = u**3 + 5*u**2 - 5*u + 3. Let a be (-1)/(795/198 + -4). Let h = 60 + a. Determine x(h).
-3
Let t(z) = -z - 7. Suppose 0 = -25*p - 6*p - 310. Give t(p).
3
Let u(k) = -k**2 + 8*k + 7. Let q(p) be the first derivative of -p**2 + 10. Let t be q(-4). Give u(t).
7
Let l(i) = -6*i**2 - 45*i - 3. Let u(k) = -2*k**2 - 13*k - 1. Let z(b) = 5*l(b) - 18*u(b). Give z(-2).
9
Let l(k) = 2*k - 9. Suppose 3*q = 4*q. Let a(w) = -2*w + 8. Let m be a(q). Calculate l(m).
7
Let h(d) be the second derivative of d**5/20 - 7*d**4/6 + d**3/6 - 5*d**2/2 - 13*d. What is h(14)?
9
Let p(q) be the second derivative of 13*q**5/20 - q**4/12 - q**3/6 + q**2/2 - 55*q. Calculate p(1).
12
Let q(i) = -i**3 - 2*i**2 + i + 1. Let t = 11 - 10. Let l be q(t). Let r(s) = -6*s. Calculate r(l).
6
Let t(l) be the second derivative of -l**5/60 + 5*l**4/24 - 7*l**3/6 + 11*l**2/2 + 6*l. Let y(u) be the first derivative of t(u). Calculate y(5).
-7
Let a(t) = t**2 - 2*t + 1. Let o(f) = f**3 - 17*f**2 - 24*f + 2. Let g(m) = 2*a(m) - o(m). Give g(20).
0
Suppose 18*o = 4*y + 22*o - 80, -y = -3*o - 12. Let j(p) = p**3 - 19*p**2 + 20*p - 28. What is j(y)?
8
Suppose -408*b = -438*b + 180. Let f(d) = 4*d**3 - 3 - 5*d**3 + 0*d**3 + 6*d**2 + d. Determine f(b).
3
Let n(h) = h**3 - 8*h**2 - 10. Let y(d) = d**3 - 8*d**2 - 2*d - 10. Let f(c) = 5*n(c) - 4*y(c). What is f(7)?
-3
Let z(r) = 9*r. Let x(q) = -36*q**2 - 10 + 34*q**2 - 17*q - 12. Let a be x(-7). Determine z(a).
-9
Let c(r) = -r + 28. Let j be c(23). Let v(a) = -a**2 + 5*a + 2. Determine v(j).
2
Let t(a) = -4*a - 6. Suppose -14 = 3*v + 2*g, v - 5*g = -0 + 1. What is t(v)?
10
Let c = 9 + -7. Let g(l) = -4*l + 36*l**c - 19*l**2 - 18*l**2. Calculate g(-3).
3
Let l(z) = -3*z**3 - 3*z**2 + 2*z - 1. Let m(x) = 4*x**3 + 4*x**2 - 2*x + 1. Let y(i) = -3*l(i) - 2*m(i). Let f = -297 + 295. Determine y(f).
1
Let i(c) = -34*c**2 - 11*c + 2. Let p(q) = 16*q**2 + 5*q - 1. Let h(j) = -6*i(j) - 13*p(j). What is h(-1)?
-4
Let r(g) = -g**3 + 7*g**2 - 4*g - 15. Let o be r(5). Let y(z) = -z**3 + 15*z**2 + z - 15. Calculate y(o).
0
Let z(q) be the third derivative of q**4/24 + 11*q**3/6 - 115*q**2. What is z(9)?
20
Let i(u) be the first derivative of u**5/60 - u**4/24 - u**3/6 - 5*u**2/2 - 4. Let s(n) be the second derivative of i(n). Let c = -3 - -6. Give s(c).
5
Let d(y) = y**2 + 62*y**3 - y - 53*y**3 + 0 + 1. Suppose 0 = 10*t - 4*t - 6. Give d(t).
10
Let f(r) = r**2 - 8*r + 13. Suppose 10*l = 6*l + 52. Let u(h) = 2*h**2 - 16*h + 27. Let x(z) = l*f(z) - 6*u(z). Let m be 17/3 + (-8)/12. Determine x(m).
-8
Let k(u) = -u**2 + 2*u - 2. Let a = 12 + -37. Let c = 14 + a. Let v = c + 13. Give k(v).
-2
Let n(p) = p**2 - 7*p - 12. Let t be -27*(-2 + (-35)/(-21)). Calculate n(t).
6
Let c = 193 + -144. Suppose 5*o - c = -9. Let m(s) be the second derivative of s**4/12 - 7*s**3/6 - 5*s**2/2 - s. Give m(o).
3
Let x(f) = 7*f**2 + 6*f + 8. Let i(o) = 24*o**2 + 19*o + 25. Let c(b) = -2*i(b) + 7*x(b). Determine c(5).
51
Let u(r) = -18*r**2 - 7*r + 5. Let k(o) = -11*o**2 - 4*o + 3. Let b(q) = 7*k(q) - 4*u(q). Calculate b(-1).
-4
Let b = 2620 - 2613. Let c(n) = n**3 - 5*n**2 - 16*n + 8. Calculate c(b).
-6
Let q(d) = -d**2 - 10*d + 14*d - 1 - 2*d + 7*d - 7. Let z be (0 - 1) + (-2 - -10). What is q(z)?
6
Let f = 444 - 237. Suppose f*r = 206*r. Let t(a) be the first derivative of a**4/4 - a**2/2 - 5*a - 1. Determine t(r).
-5
Let x(l) = -15*l - 1. Let r(m) = -2*m**3 + 8*m**2 - m + 5. Let t be r(4). Calculate x(t).
-16
Let h(g) = -g**2 - 7*g - 5. Let c(z) = z**2 + 4*z - 67. Let r be c(6). Determine h(r).
-5
Suppose -5*p + 25 = 0, 0 = -3*v + v - 4*p + 10. Let j(a) = 2*a**2 + 11*a + 5. Determine j(v).
0
Suppose -26*j = -123 + 435. Let q(k) = 